(-6) - 4/z?
6
Let d(q) be the third derivative of 0 - 1/4*q**4 + 0*q + 13*q**2 + 1/12*q**5 - 25/6*q**3. What is the units digit of d(-5)?
0
Let b(s) = 119*s**2 - 74*s + 1222. What is the hundreds digit of b(15)?
8
Let u(p) = p**2 + 8*p + 19. Let c be u(-5). Suppose -4*b + 2*r + 690 + 2052 = 0, -c*r = 4. What is the tens digit of b?
8
Suppose 5*t = -2*h - 0*t - 25, 3*h + t + 18 = 0. What is the hundreds digit of -5 - (3810/2)/h?
3
Suppose 441 = 11*s - 4*s. Suppose 0 = 2*n - 379 - s. What is the units digit of n?
1
Let k = -370 + 165. Let g = k - -464. What is the tens digit of g?
5
Suppose -4*i + 350 = -658. Let y = i + -204. What is the tens digit of y?
4
Let w(k) be the third derivative of -k**6/120 + k**5/60 + k**4/24 + 491*k**3/6 - 85*k**2 + 1. What is the hundreds digit of w(0)?
4
Let w be 9/12 + 3 + (-24225)/(-20). What is the tens digit of w/10*(-2)/(-1)?
4
Suppose 0 = 6*y - 995 - 283. Suppose 0 = f + y - 638. What is the tens digit of f?
2
Let x = 84 - 760. Let n = x + 1141. What is the hundreds digit of n?
4
Let q(z) = -3 - 2*z**2 - 3*z + 0*z**2 - 36*z**3 + 35*z**3. Let c be q(-2). Suppose -5*f + 0*i + 889 = 4*i, 532 = c*f + i. What is the hundreds digit of f?
1
Suppose -7*w + 11783 = -31785. Suppose w = 5*i + 879. What is the hundreds digit of i?
0
Suppose 581 = 10*p + 81. Let r = -51 + p. Let l(u) = 105*u**2 + 3*u + 2. What is the hundreds digit of l(r)?
1
Let n(q) = 2*q**3 + 11*q**2 + 12*q + 2. Let u be n(-4). What is the units digit of (-3205)/(-7) + -8 - u/(-14)?
0
Let w(h) = -513*h + 99. Let v(z) = 41*z - 8. Suppose -17*d = -12*d + 25. Let s(i) = d*w(i) - 63*v(i). What is the tens digit of s(-1)?
2
Let j(s) = -s**2 + 3*s + 28. Let x be j(7). Suppose x = 28*o + 967 - 13987. What is the hundreds digit of o?
4
Let k be 0/(-1 - (-4 - -4)). Let t be -27 - k - (2 + -2). What is the tens digit of 135/1 + (t - -24)?
3
Suppose 5*b - 12745 = -5*n, 0 = 4*b - 5*n - 0*n - 10223. What is the units digit of b?
2
Suppose 0 = -0*h + 6*h - h. Suppose 6*m - 1622 - 1510 = h. What is the hundreds digit of m?
5
Let h(f) = 4*f**2 + 23*f - 60. Let u(p) = 2*p**2 + 18*p - 37. Let d be u(-11). What is the tens digit of h(d)?
9
Let k = -42 - -40. What is the units digit of (-50)/125 - (k + (-137)/5)?
9
Let x(s) be the first derivative of 9*s**2/2 - 6*s - 2. Let a be x(0). What is the tens digit of (-18)/(-4)*-3*(a - 0)?
8
Suppose 0 = 3*h + 2*h - 665. Let o = h - 259. What is the tens digit of 1/(-3) + (-6)/(o/385)?
1
Let m = -317 + 956. Let r = -177 + m. What is the tens digit of r?
6
Let s(d) = d**2 + 3*d - 13. Suppose r + 2*r = 5*w - 174, -5*w = -2*r - 171. Let a = 20 - w. What is the tens digit of s(a)?
1
Let g = 61 - 35. Let p(n) = 1 - n + 4 - 7 + 0 + g*n**2. What is the units digit of p(-1)?
5
Let x be 0/(-3 + 6 + 0). Suppose x = -12*j + 6*j + 192. Suppose 2*c + 2*h = 68, 3*h - 95 = -2*c - j. What is the units digit of c?
9
Suppose 1418 = -4*k + 9126. What is the thousands digit of k?
1
Let h = 232 + -214. What is the thousands digit of (1646 + (-2)/1)*(h - 17)?
1
Let z be (-3 + 5)*(0 + 1). Suppose -3*v + 3*p = -1746, -z*v + 1184 = 7*p - 4*p. What is the tens digit of v?
8
Let f(w) = -w**2 + 17*w - 68. Let b be f(17). Let j = 79 + 34. Let y = b + j. What is the tens digit of y?
4
Suppose 2*l = 2*h + 44050, -30*h + 2 = -28*h. What is the units digit of l?
6
Let h(y) = -4*y - 17. Let q be h(-5). What is the tens digit of -6 + -1 + (275 - q)?
6
Suppose 3*c = -3*n + 252327, 4*n - 189812 = -c + 146615. What is the tens digit of n?
0
Suppose -5*a = y - 96325, 50*y = 49*y + 5. What is the tens digit of a/160 + 6/10?
2
Let w be (2 - 3)*76/(-1). Suppose -4*v - 2*q - 3*q - 17 = 0, 3*v - 16 = 2*q. Suppose -5 = -j, 3*o + v*j = w - 9. What is the units digit of o?
9
Suppose -5*y - 582 = 3*n, -7*n + 9*n = -5*y - 388. Let b = 765 - n. What is the units digit of b?
9
Let h(q) = -q**2 - 8*q - 12. Let s be h(-5). Suppose -s*v + v + 4 = 0. Suppose 31 = -v*m + 227. What is the units digit of m?
8
Let h = 21 - 17. Suppose 12 - 20 = -h*p. Suppose 5*s + 2*k - 100 = s, s - 15 = p*k. What is the units digit of s?
3
Let q = 31320 - 14903. What is the hundreds digit of q?
4
Suppose 1896887 + 529543 = 77*f + 10*f. What is the hundreds digit of f?
8
Suppose -3 = -4*h + 1, -3*h + 63 = 3*v. Suppose 22*n - 18*n = v. Suppose 201 = n*l - 109. What is the tens digit of l?
6
Let o(z) = -53 - 7*z - 18*z - 19*z. What is the units digit of o(-10)?
7
Suppose 5*b = -o + 20, -2*o - 8 = 2. Let j be (2 + 9)/(b/25). Let a = -34 + j. What is the units digit of a?
1
Suppose -5*d - 2*p + 358 = 0, 3*p + 1 + 2 = 0. Let m = d - -122. What is the units digit of m?
4
Suppose 11*d + 17*d = 18*d + 61260. What is the thousands digit of d?
6
Let k(i) = -4*i**3 - 86*i**2 + 54*i + 795. What is the hundreds digit of k(-24)?
2
Suppose -82*j = -78*j. Suppose -2*g + 2*q + 54 = j, 2*q + 11 = g - 16. What is the units digit of g?
7
Suppose -19*f + 0 = -0. Suppose f = -11*c + 19*c - 3080. What is the units digit of c?
5
Let i = 9231 - 3146. What is the tens digit of i?
8
Let x = 30 - 40. Let q(n) = -6*n**2 - 24*n + 8. Let r be q(x). Let b = r + 507. What is the hundreds digit of b?
1
Let z be 5/35 + (-129)/21. What is the units digit of 44 + z/(6/(-2))?
6
Let d = -176 + 152. Let j(b) = 57 + 2*b - b - 19. What is the units digit of j(d)?
4
Let r(z) = -z**3 - z**2 + 4*z - 7. Let b be r(5). Let m = b + 346. What is the tens digit of m?
0
Let r = 1823 + 2922. What is the hundreds digit of r?
7
Suppose 18*d - 3406 - 1238 = 0. Let n = d + -87. What is the tens digit of n?
7
Suppose -19*f + 16*f = m + 12195, -16244 = 4*f - 4*m. What is the tens digit of 8/(-12) + 11/((-33)/f)?
5
Suppose 230185 = 22*q - 95107. What is the tens digit of q?
8
Let d(g) = g**3 + 18*g**2 - 19*g + 5. Let c be d(-19). Let b(j) = 10*j**2 + 3 - j**3 + 8*j - 7 - 4*j**2. What is the units digit of b(c)?
1
Let m be 1*(1 - -1) - 2. Let n be 147/28 + m - 1/4. Let s(d) = 3*d**2 - 6*d - 2. What is the tens digit of s(n)?
4
Let j be (0 - -7)*-1 - (-1 - 2). What is the hundreds digit of j + 32/4 + 225?
2
Let w(s) = 66*s**2 - 17*s + 6. What is the hundreds digit of w(-12)?
7
Let r(v) = 3*v**3 - 78*v**2 - 1104*v - 4. What is the ten thousands digit of r(45)?
6
Let u = -8 - -28. Let j be (u/5)/1 - -1. Suppose -40 = -5*y - j*o, -4*y - 5*o = -2*o - 33. What is the units digit of y?
9
Suppose -3*f = 2*n - 1492, -5*f + 2*f = -3*n + 2253. Suppose -n + 149 = -20*x. What is the tens digit of x?
3
Let c(a) = -a**2 - 7*a + 5. Let s be c(-7). Let r be (6/10*s)/1. What is the tens digit of 47 + (4 - r) - 0?
4
Let b(l) = 1315*l**2 - 34*l + 312. What is the tens digit of b(6)?
4
Let f(a) = 36*a**2 + 25*a + 30. What is the hundreds digit of f(5)?
0
Suppose 0 = 2*a - 16 + 4. Suppose -f - 15 = -a*f. Suppose -5*l + 3*y + 390 = 0, 2*l - y = -f*y + 140. What is the units digit of l?
5
Let a = -4562 + 3155. Let j = 2420 + a. What is the units digit of j?
3
Suppose -2*m - 197 = -2*y - 5*m, -4*y + 3*m = -439. Suppose -2*f + y = -8. Suppose -f = -n + 43. What is the units digit of n?
0
Let s be (171 - 1)/(4/(-64)). What is the tens digit of 4 - (-3 - 0)/((-48)/s)?
7
Let b(u) = -u**2 + 11*u - 4. Let q be b(10). Suppose 0 = 12*x - 3 - 81. Suppose -x*g + 3*n + 33 = -3*g, -q = 2*n. What is the units digit of g?
6
Let j(r) be the third derivative of 0 + 5/12*r**4 + 0*r - 1/120*r**6 + 7/30*r**5 + 2/3*r**3 + 4*r**2. What is the tens digit of j(14)?
4
Suppose 18177 = 3*u + 2*j, 0*u + 3*u - 2*j - 18165 = 0. What is the tens digit of u?
5
Let o = -327 - -337. Suppose 0 = o*r - 5*r + 4*y - 1898, 379 = r + y. What is the units digit of r?
2
Suppose -5*q = 2*v - 293777, 0 = -4*q - 18*v - 10*v + 235048. What is the units digit of q?
5
Let f = 481 + 160. Let h = 271 - f. What is the tens digit of h/(-4) + 1*5/10?
9
Let f(t) = 16*t**3 - t**2 - 5*t + 7. Let u = 120 + -118. What is the hundreds digit of f(u)?
1
Suppose 174*q = 179*q - 14750. What is the tens digit of q?
5
Suppose 5*i - 5*o - 1511 = 1069, -4*i + 2040 = 2*o. Suppose -35*u - 64*u + 198 = 0. Suppose -u*m = 2*m - i. What is the hundreds digit of m?
1
Let f(r) = r**3 + 10*r**2 + r + 32. Suppose 3*w = -2*p - 95, -3*p - w - 94 = 45. Let u = p - -37. What is the tens digit of f(u)?
0
Suppose 5*i + 9851 = m + 9*i, 9847 = m + 5*i. What is th